{"id":17,"date":"2019-02-02T20:20:57","date_gmt":"2019-02-02T19:20:57","guid":{"rendered":"http:\/\/xn--jean-svaux-g7a.fr\/?page_id=17"},"modified":"2020-11-30T20:52:40","modified_gmt":"2020-11-30T19:52:40","slug":"a-propos-de","status":"publish","type":"page","link":"https:\/\/xn--jean-svaux-g7a.fr\/index.php\/a-propos-de\/","title":{"rendered":"\u00c0 propos"},"content":{"rendered":"<p>Vous aimez voyager. Nous partageons quelques exp\u00e9riences de visites tr\u00e8s r\u00e9ussies&#8230;<\/p>\n\n\n<figure class=\"wp-block-image is-resized\"><img loading=\"lazy\" decoding=\"async\" src=\"http:\/\/xn--jean-svaux-g7a.fr\/wp-content\/uploads\/2019\/02\/logo4-1-1024x1024.jpg\" alt=\"\" class=\"wp-image-308\" width=\"492\" height=\"492\" srcset=\"https:\/\/xn--jean-svaux-g7a.fr\/wp-content\/uploads\/2019\/02\/logo4-1-1024x1024.jpg 1024w, https:\/\/xn--jean-svaux-g7a.fr\/wp-content\/uploads\/2019\/02\/logo4-1-150x150.jpg 150w, https:\/\/xn--jean-svaux-g7a.fr\/wp-content\/uploads\/2019\/02\/logo4-1-300x300.jpg 300w, https:\/\/xn--jean-svaux-g7a.fr\/wp-content\/uploads\/2019\/02\/logo4-1-768x768.jpg 768w, https:\/\/xn--jean-svaux-g7a.fr\/wp-content\/uploads\/2019\/02\/logo4-1.jpg 1059w\" sizes=\"auto, (max-width: 492px) 100vw, 492px\" \/><figcaption>pied de nez <br><br><\/figcaption><\/figure>\n","protected":false},"excerpt":{"rendered":"<p>Vous aimez voyager. Nous partageons quelques exp\u00e9riences de visites tr\u00e8s r\u00e9ussies&#8230;<\/p>\n","protected":false},"author":1,"featured_media":14,"parent":0,"menu_order":0,"comment_status":"closed","ping_status":"closed","template":"","meta":{"footnotes":""},"class_list":["post-17","page","type-page","status-publish","has-post-thumbnail","hentry","nodate","item-wrap"],"_links":{"self":[{"href":"https:\/\/xn--jean-svaux-g7a.fr\/index.php\/wp-json\/wp\/v2\/pages\/17","targetHints":{"allow":["GET"]}}],"collection":[{"href":"https:\/\/xn--jean-svaux-g7a.fr\/index.php\/wp-json\/wp\/v2\/pages"}],"about":[{"href":"https:\/\/xn--jean-svaux-g7a.fr\/index.php\/wp-json\/wp\/v2\/types\/page"}],"author":[{"embeddable":true,"href":"https:\/\/xn--jean-svaux-g7a.fr\/index.php\/wp-json\/wp\/v2\/users\/1"}],"replies":[{"embeddable":true,"href":"https:\/\/xn--jean-svaux-g7a.fr\/index.php\/wp-json\/wp\/v2\/comments?post=17"}],"version-history":[{"count":4,"href":"https:\/\/xn--jean-svaux-g7a.fr\/index.php\/wp-json\/wp\/v2\/pages\/17\/revisions"}],"predecessor-version":[{"id":382,"href":"https:\/\/xn--jean-svaux-g7a.fr\/index.php\/wp-json\/wp\/v2\/pages\/17\/revisions\/382"}],"wp:featuredmedia":[{"embeddable":true,"href":"https:\/\/xn--jean-svaux-g7a.fr\/index.php\/wp-json\/wp\/v2\/media\/14"}],"wp:attachment":[{"href":"https:\/\/xn--jean-svaux-g7a.fr\/index.php\/wp-json\/wp\/v2\/media?parent=17"}],"curies":[{"name":"wp","href":"https:\/\/api.w.org\/{rel}","templated":true}]}}